 and 10674?
18
What is the greatest common factor of 10356 and 84?
12
Calculate the highest common divisor of 1410 and 33370.
470
Calculate the greatest common factor of 163453 and 596.
149
Calculate the greatest common divisor of 11727 and 7.
1
Calculate the highest common factor of 27688 and 104.
8
Calculate the highest common factor of 36971 and 77.
11
What is the highest common divisor of 554 and 946786?
554
Calculate the highest common divisor of 385 and 2104949.
77
What is the greatest common divisor of 355 and 81295?
355
Calculate the greatest common divisor of 117 and 13941.
9
Calculate the highest common divisor of 30 and 112734.
6
What is the highest common factor of 7293 and 13156?
143
What is the greatest common divisor of 58 and 379958?
58
What is the highest common divisor of 50 and 544000?
50
What is the highest common factor of 3201 and 19965?
33
Calculate the greatest common factor of 7718 and 34.
34
Calculate the highest common factor of 623222 and 4438.
634
Calculate the highest common factor of 113 and 426010.
113
Calculate the greatest common divisor of 245 and 1594215.
245
What is the highest common divisor of 1473 and 1528483?
491
Calculate the greatest common divisor of 440669 and 4.
1
What is the greatest common divisor of 13616 and 2116?
92
What is the highest common factor of 786220 and 380?
380
Calculate the greatest common divisor of 4199 and 7163.
247
Calculate the highest common factor of 135 and 935415.
135
Calculate the greatest common divisor of 986 and 282489.
493
Calculate the highest common divisor of 375 and 2025.
75
Calculate the highest common divisor of 418 and 300542.
418
What is the greatest common divisor of 9541 and 11368?
203
Calculate the greatest common divisor of 1288 and 58880.
184
Calculate the highest common divisor of 215 and 37195.
215
Calculate the highest common divisor of 52 and 962754.
26
What is the highest common divisor of 273 and 236197?
13
Calculate the highest common divisor of 1888 and 13232.
16
Calculate the greatest common divisor of 14877 and 61857.
783
What is the highest common divisor of 171 and 333127?
19
What is the highest common divisor of 176396 and 11?
11
What is the greatest common factor of 89943 and 672?
21
Calculate the highest common factor of 16 and 359272.
8
What is the highest common divisor of 1145413 and 933?
311
What is the highest common divisor of 30116 and 18?
2
Calculate the highest common factor of 603 and 40066.
67
Calculate the greatest common divisor of 1106073 and 177.
177
Calculate the greatest common factor of 2332 and 581251.
583
What is the greatest common divisor of 872 and 36515?
109
Calculate the highest common divisor of 70560 and 6370.
490
Calculate the highest common factor of 923289 and 69.
69
Calculate the highest common factor of 867 and 48.
3
What is the greatest common factor of 1440856 and 778?
778
What is the greatest common divisor of 84875 and 21049?
679
Calculate the greatest common factor of 44 and 175054.
22
Calculate the highest common divisor of 815040 and 1560.
120
Calculate the greatest common factor of 2875 and 29875.
125
Calculate the greatest common factor of 6 and 5104896.
6
Calculate the greatest common factor of 605 and 1227545.
605
Calculate the greatest common divisor of 549725 and 1650.
275
Calculate the greatest common divisor of 204025 and 25.
25
Calculate the highest common factor of 29146 and 520.
26
What is the greatest common factor of 56 and 38144?
8
What is the highest common divisor of 43086 and 21414?
258
What is the highest common factor of 1596980 and 1342?
1342
What is the greatest common factor of 63 and 7098?
21
What is the greatest common factor of 553156 and 8?
4
Calculate the highest common divisor of 218202 and 861.
123
Calculate the greatest common divisor of 66 and 98934.
66
What is the greatest common divisor of 86 and 1114474?
86
Calculate the highest common factor of 19310 and 230.
10
What is the greatest common factor of 357 and 282268?
119
Calculate the greatest common divisor of 1995 and 273.
21
Calculate the greatest common divisor of 23 and 923450.
23
What is the highest common divisor of 14 and 1407?
7
Calculate the highest common divisor of 425 and 451775.
425
Calculate the greatest common divisor of 61968 and 48.
48
What is the highest common factor of 14475 and 525?
75
What is the greatest common divisor of 306969 and 2873?
221
What is the greatest common divisor of 641395 and 185?
185
What is the highest common factor of 25506 and 2398?
218
What is the highest common divisor of 128 and 2485376?
128
Calculate the greatest common factor of 78288 and 1165.
233
Calculate the highest common factor of 1212 and 2112.
12
What is the greatest common factor of 97208 and 24?
8
What is the greatest common divisor of 17055 and 29295?
45
Calculate the highest common factor of 1243487 and 119.
7
Calculate the highest common factor of 520 and 265120.
40
What is the greatest common factor of 66988 and 7?
1
What is the highest common factor of 331 and 190987?
331
Calculate the greatest common factor of 16219344 and 48.
48
What is the highest common factor of 396 and 242460?
36
What is the greatest common factor of 1870088 and 22?
22
Calculate the greatest common divisor of 1738056 and 417.
417
What is the greatest common factor of 185 and 52245?
5
What is the highest common factor of 44982 and 442?
34
What is the highest common factor of 45388 and 532?
28
Calculate the highest common factor of 460 and 113045.
115
What is the highest common factor of 2171 and 28557?
167
What is the greatest common divisor of 7424 and 3056?
16
What is the greatest common factor of 88053 and 1617?
147
Calculate the greatest common factor of 9370 and 260.
10
What is the greatest common factor of 52855 and 6510?
155
Calculate the greatest common divisor of 760236 and 24.
12
Calculate the highest common divisor of 30 and 421584.
6
What is the greatest common divisor of 1722 and 4536?
42
Calculate the greatest common factor of 4371 and 987.
141
What is the highest common divisor of 130 and 695240?
130
What is the highest common factor of 243 and 164052?
27
What is the highest common factor of 63 and 22743?
63
What is the highest common factor of 101620 and 40?
20
What is the greatest common factor of 1883 and 322?
7
What is the greatest common factor of 28674 and 2832?
354
Calculate the highest common factor of 4969094 and 78.
26
Calculate the greatest common factor of 384 and 26388.
12
Calculate the greatest common factor of 54 and 1044234.
18
What is the greatest common factor of 13681 and 4?
1
Calculate the highest common factor of 75647 and 143.
143
What is the highest common factor of 7306 and 9?
1
What is the highest common divisor of 177 and 11929623?
177
Calculate the highest common factor of 47898 and 216.
54
Calculate the greatest common factor of 6639037 and 19.
19
Calculate the highest common factor of 230790 and 4116.
294
Calculate the highest common factor of 3610 and 2390.
10
What is the highest common factor of 2448 and 4744?
8
What is the highest common divisor of 64 and 1472432?
16
What is the highest common divisor of 317417 and 113?
113
What is the highest common factor of 1205 and 30366?
241
What is the greatest common divisor of 1357 and 8348264?
1357
What is the greatest common factor of 7 and 1133629?
7
What is the greatest common factor of 8004 and 5162?
58
Calculate the greatest common factor of 185265 and 4140.
1035
Calculate the highest common divisor of 34013 and 21.
7
Calculate the highest common factor of 6470 and 110.
10
Calculate the highest common divisor of 14364 and 9.
9
Calculate the greatest common divisor of 339094 and 742.
742
Calculate the highest common factor of 1003 and 92158.
59
Calculate the greatest common divisor of 619656 and 48.
24
What is the greatest common factor of 334 and 406?
2
What is the highest common factor of 230 and 355902?
46
What is the highest common factor of 14586 and 224978?
442
Calculate the highest common divisor of 5640803 and 1337.
1337
What is the greatest common divisor of 441 and 20664?
63
Calculate the greatest common factor of 27 and 1695.
3
What is the highest common factor of 84 and 288225?
21
Calculate the highest common divisor of 346674